 120, 4*q - 582 = j. Calculate the greatest common divisor of 5 and q.
5
Let w = 803 - 651. Let l be 1 + (0 - 2) + -10. Let o = l - -30. What is the highest common divisor of o and w?
19
Let v(j) = 23*j**2 - 73. Let y be v(-7). What is the highest common factor of 34 and y?
34
Let q = 295 - 247. What is the highest common divisor of 144 and q?
48
Suppose 4*b - 28 = -0*b. Suppose -21 = b*o - 77. Suppose 3*p = -2*p + 5. Calculate the greatest common factor of p and o.
1
Suppose -431 = -5*n - 236. Let a = 2 - -11. Calculate the greatest common factor of n and a.
13
Let d = 1236 + -1167. What is the highest common divisor of d and 805?
23
Suppose 2 = q - 0. Let z be (18/(-5))/((-2)/10). Let o = 26 - z. What is the highest common divisor of q and o?
2
Let k = -2 - -28. Suppose -5*t = -3945 - 3205. Suppose -2*b = 3*b - t. Calculate the greatest common divisor of k and b.
26
Suppose 4*v = -3 + 23. Suppose 0 = 3*t - 5*i - 50, -314*t - 4*i - 12 = -315*t. What is the greatest common factor of t and v?
5
Suppose -7*z - 2*y - 384 = -10*z, -2*z + 255 = -y. What is the greatest common divisor of 14 and z?
14
Suppose -131 = -3*f + 268. Let x be (-650)/(-38) + (-14)/f. Let w = 6 + x. Calculate the highest common factor of 23 and w.
23
Suppose -5*a = -w - 0*w + 16, -w - 8 = a. Let c be 2/(-4) - 86/w. Calculate the greatest common divisor of c and 3.
3
Let k be (-1*(-2)/(-6))/((-9)/5643). Let v = k + -62. What is the highest common divisor of 21 and v?
21
Let i(j) = -8*j + 13. Let v = 8 + -14. Let w be i(v). Let d be w/4 - 4/16. Calculate the highest common factor of 5 and d.
5
Let a = 1423 + -1360. What is the greatest common factor of 672 and a?
21
Suppose -20 = -q - 4. Suppose 106*l - 104*l = 4*i + 20, 0 = 3*l + 3*i - 57. What is the highest common divisor of q and l?
16
Suppose 200*k - 715 = 85. Suppose -n - 4*w = -24, -25 = -2*n + n - 3*w. What is the highest common divisor of k and n?
4
Let t be ((-4)/(-6))/(2/54). Let s be 21/(((-1127)/(-42))/23). What is the greatest common factor of t and s?
18
Let w be ((-525)/(-42))/(2/36). What is the highest common factor of 125 and w?
25
Suppose -5 = 5*a - 6*a, -3*u - a = -17. What is the greatest common factor of u and 12?
4
Let o be (3*(-3)/(-9))/(1/2). Suppose -4*s = 5*m - 3*s - 48, 0 = -3*m + o*s + 21. Calculate the greatest common factor of 45 and m.
9
Let k(p) = 6*p**3 - 21*p**2 - 3*p + 6. Let v be k(6). What is the highest common divisor of v and 6?
6
Suppose -2*q + q + 11 = 4*u, 3*q - u - 7 = 0. Let v(p) = -p**3 + 2*p**2 + 3*p + 2. Let c be v(q). What is the greatest common factor of c and 10?
2
Suppose -5*f + 48 = -2*f. Let g = 29 - f. Let y = 40 - g. Calculate the highest common factor of 3 and y.
3
Let a be 3 + 100/6 - 1/(-3). What is the greatest common factor of a and 8?
4
Let c = -3 + -1. Let b be ((-45)/6 - 1)*c. Suppose -11*m = -21*m + 170. What is the greatest common factor of m and b?
17
Suppose f + 9*g + 1593 = 7*g, -20 = 5*g. Let w be f/(-45) - (-4)/(-18). What is the highest common factor of 14 and w?
7
Suppose 0 = -3*w + 9, 2*w + 2*w = 4*o - 28. Calculate the highest common divisor of 14 and o.
2
Let z(c) = -c**3 + 10*c**2 - 17*c - 7. Let h be z(3). Let k be -15*(-2 - (1 + -4)). Let d = k + 35. Calculate the highest common divisor of d and h.
5
Let m be (9 + (-231)/22)*(-8)/3. What is the highest common divisor of m and 32?
4
Suppose 2*x + 78 = -3*u, 2*x - 16 + 66 = 4*u. Let r be (1 + 1)*(-14)/(1/1). Let p = r - x. Calculate the highest common factor of 5 and p.
5
Suppose 10*k = 8*k - 4*l + 68, 103 = 4*k - 3*l. What is the greatest common divisor of k and 35?
7
Let u be (0 - -1)/((-2)/(-64)). Let q = 104 - 83. Let l = q + -13. Calculate the greatest common divisor of l and u.
8
Suppose -7*d + 240 = 3*d. What is the highest common factor of d and 504?
24
Suppose -153 - 85 = -7*n. Suppose 9*f = -3*r + 14*f + n, -5*r - 3*f + 102 = 0. Calculate the highest common factor of r and 198.
18
Suppose 355 = 5*b + 55. What is the highest common factor of b and 580?
20
Let d(j) = -8*j + 16. Let o(v) = -3*v + 8. Let a(w) = -2*d(w) + 5*o(w). Let s be a(-6). Calculate the greatest common divisor of s and 2.
2
Suppose -174*i + 183*i = 108. Calculate the highest common factor of i and 18.
6
Suppose -2*r + 3*x = -383, -5*r - 181 = 2*x - 1110. What is the highest common divisor of 33 and r?
11
Let w be 36*2/(-8)*-2. Let j = 15 - w. Let g = -1 - j. Calculate the greatest common factor of 2 and g.
2
Suppose -5*z + 34 = 4*o + 9, 4*o + 2*z - 34 = 0. Suppose -5*h - 165 = -565. Calculate the highest common factor of h and o.
10
Suppose -3*l + 45 + 115 = d, 4*d - 5*l = 725. What is the greatest common divisor of d and 50?
25
Let w(z) = -2*z - 19. Let f be w(0). Let p = 22 + f. Suppose 5*h - 102 = -p*r, r = -4*h + 2*r + 68. What is the highest common factor of h and 9?
9
Let c(a) = -a**3 + 14*a**2 + 53*a - 7. Let s be c(17). What is the greatest common factor of 351 and s?
27
Let y = -1066 - -1069. Calculate the highest common factor of 4 and y.
1
Suppose -4*i - 16 = 0, -90 + 30 = -4*j + 2*i. Suppose -98*g - 3510 = -128*g. What is the greatest common factor of j and g?
13
Let y = 79 - 71. Let g(n) = 3*n**2 - 2*n + 4. Let v be g(y). Calculate the highest common divisor of 36 and v.
36
Let v be (-17446)/(-305) + 6/(-5). What is the greatest common factor of 152 and v?
8
Let v = -654 + 1266. Calculate the greatest common factor of 24 and v.
12
Suppose -2*a - 6*a = 0. Suppose 3*f + 2*d - 397 = a, 3*f - 65 - 348 = 2*d. What is the highest common divisor of f and 27?
27
Let w = -81 + 113. Suppose -z + 4 = 2. Suppose 8 = z*c - c. Calculate the greatest common factor of c and w.
8
Let r be -11 - -11 - (-11 - 1). Let s(g) = -g**2 + 17*g - 5. Let o be s(r). Let q = o - 34. Calculate the greatest common divisor of q and 147.
21
Let b be 20*6/(-30) + (-1 - -86). Let q be 160/3 - 2/(-3). Calculate the greatest common divisor of q and b.
27
Suppose -20 = -c + 6. Suppose 10*z = 17*z - 2002. Calculate the highest common divisor of z and c.
26
Suppose 10*u - 175 = 5*u. Let f = u + -20. Calculate the greatest common factor of 30 and f.
15
Let k(f) = -f**3 + 9*f**2 + 23*f + 17. Let c be k(11). Suppose 9*d = 7*d + 252. What is the highest common divisor of c and d?
14
Let g(p) = -p**3 - 5*p**2 - 6*p - 6. Let t be g(-4). Suppose 0 = -t*w + 10 + 10. Suppose 15*l - 560 = w*l. What is the greatest common divisor of l and 14?
14
Let o be (1/1*-1)/((-3)/75). Let n be (-80)/o*(-1 + 99/(-6)). What is the greatest common factor of n and 7?
7
Suppose -3*m = -2*c + 64, -m - 39 + 139 = 4*c. Let k be 644/49 - (-2 - (-30)/14). Calculate the highest common factor of c and k.
13
Let b = -92 + 1042. What is the greatest common factor of b and 114?
38
Suppose 68*t - 7223 = 13109. What is the greatest common divisor of t and 13?
13
Let q(c) = c**3 + 11*c**2 - c - 6. Let f(d) = -19 + 0 + 8*d + d**2 - 1. Let y be f(-9). Let u be q(y). Calculate the greatest common factor of u and 40.
5
Let q be 4*3/((-36)/(-39)). Let z = q - 17. Let s(j) = -j**3 - j**2 - 4. Let c be s(z). What is the greatest common factor of 11 and c?
11
Let z(t) = t**3 - 10*t**2 - 11*t + 42. Let h be z(11). Calculate the highest common factor of h and 105.
21
Let j(l) = 4*l**2 + 3*l. Suppose -i = 6 - 2. Let c be j(i). What is the greatest common factor of c and 416?
52
Let m(r) = 5*r**2 - 10*r + 22. Let h be m(2). Calculate the greatest common factor of h and 286.
22
Suppose 0 = 405*u - 439*u + 102. Suppose 2*r - 66 = -0*r. What is the greatest common factor of u and r?
3
Let z be -4*(-4)/16 - 55. Let p = z - -98. Calculate the greatest common divisor of p and 33.
11
Let z(l) be the third derivative of -l**6/120 - 3*l**5/20 + 5*l**4/6 + 13*l**3/3 - 19*l**2. Let k be z(-11). What is the greatest common factor of 12 and k?
12
Let z = 47 + 16. Suppose -y + 2*y - 18 = 0. Calculate the highest common divisor of y and z.
9
Let p(r) = -16*r**2 + r + 6*r**2 + 11*r**2 - 22. Let x be p(-12). Calculate the greatest common divisor of 10 and x.
10
Let a = 51 + 15. Let t(b) be the second derivative of -b**4/12 + b**3/3 + 11*b**2 - 4*b. Let r be t(0). What is the highest common factor of a and r?
22
Let r be (615/6)/(8/(-240)*-3). Calculate the greatest common factor of r and 41.
41
Let y be 4/(-14) -